3*o**2 + 4*o + 4. Let s be u(w). What is the greatest common factor of s and 28?
28
Let r(c) = c**2 - 7*c + 6. Let b be r(6). Suppose -t + 1266 = 3*t - 2*z, 5*t - 3*z - 1580 = b. What is the greatest common divisor of t and 29?
29
Let j(p) = 19*p**3 - 11*p**2 - 6*p - 3. Let n be j(-3). Let i = 1042 + n. Calculate the greatest common divisor of i and 89.
89
Let o be -7*((-9)/(-15) - 1248/455). Calculate the greatest common factor of o and 255.
15
Let k = 105 - 9. Suppose 0 = 3*j + 1351 + 1019. Let r = 814 + j. What is the highest common divisor of r and k?
24
Let g be (-9)/((-1)/2*3). Let u be g + 0 + 3 + -4. Suppose -3*x + 127 = 2*a, -u*a + 2*x + 0*x + 270 = 0. What is the greatest common divisor of a and 7?
7
Let v = 2856 + -2746. What is the greatest common divisor of 77 and v?
11
Let f be 4 + 0 + 12 + -4. Let o = -29 - -64. Suppose 0*w + w = -5*z + o, 3*z = -15. Calculate the greatest common factor of w and f.
12
Suppose 0 = 340*b - 353*b + 14534. Calculate the highest common factor of b and 78.
26
Let z be 15/25 - 0 - (-912)/(-20). Let j be (8 + 1926/z)*-15. What is the greatest common factor of j and 36?
18
Suppose -4*m = -2*k - 19392 - 14990, 8*m = -3*k + 68827. Calculate the greatest common divisor of m and 50.
50
Let h(k) = k + 107. Let l be h(0). Suppose -l - 73 = -4*s. Suppose -6*x + 51 = -2*x - 5*j, 4*x - 3*j - s = 0. What is the highest common factor of x and 63?
9
Let w(o) = o**3 - 5*o**2 + 5*o - 6. Let q = 12 - 7. Let x be w(q). Let z = 1907 + -1831. What is the greatest common divisor of z and x?
19
Let t be 161/184*8 - -25. What is the highest common factor of t and 124?
4
Let c = -45 + 20. Let y be c/(-2)*48/60. Let d = 10 + -5. Calculate the highest common divisor of y and d.
5
Suppose 23*q = 10*q - 125892. Let i be 1 + (-13)/15 - q/270. Calculate the highest common divisor of 18 and i.
18
Let s = 535 - 64. Let y = 474 - s. What is the highest common factor of 96 and y?
3
Let b(s) = -151*s + 8001. Let t be b(50). Calculate the highest common factor of t and 369.
41
Let j(m) = m**2 + 7*m - 6. Let s be j(10). Let c be -1 + 0 + (334 - 329). Calculate the highest common factor of s and c.
4
Let m = -4802 + 5465. Calculate the greatest common divisor of 78 and m.
39
Let t be (-8)/(-2) - (36 - 110). What is the highest common divisor of 5694 and t?
78
Suppose -334471 = -77*o + 529137 - 63886. What is the greatest common divisor of o and 36?
18
Let k be (23506/112)/1 + 4/64*2. What is the greatest common divisor of 1008 and k?
42
Suppose 87*d - 2976 = 84*d + 3*i, 2*d - i = 1986. What is the highest common factor of d and 84?
14
Let j(a) = -6*a + 72. Let g be j(10). Let p = g + 20. What is the highest common divisor of p and 4?
4
Let z = -61 + 152. Suppose -3*r + 293 = -z. What is the highest common divisor of r and 4?
4
Suppose -140*m + 29937 + 13132 - 14509 = 0. Calculate the greatest common factor of m and 4148.
68
Let n(o) = 4*o - 14. Let t = -47 - -54. Suppose -t*a = -9*a + 10. Let y be n(a). What is the highest common divisor of 18 and y?
6
Let z = 3092 - 3091. Calculate the greatest common factor of 149 and z.
1
Let k(w) = -w**2 + 121*w + 559. Let x be k(116). What is the highest common factor of 201 and x?
67
Let n = 11444 + -10201. What is the highest common factor of 3616 and n?
113
Let f(k) = -k**2 + 10*k + 5. Let x be f(0). Suppose -z = -4*o + 164, x*z = o + 7*z - 32. What is the greatest common divisor of o and 30?
10
Suppose 17 = 3*i - r, -4*r - 8 - 20 = -2*i. Let j(n) = -n**2 + 346*n + 2842. Let x be j(-8). What is the greatest common factor of i and x?
2
Let w be 6*(4 - (-363)/(-9)). Let k = -108 - w. What is the greatest common divisor of k and 22?
22
Let s(k) = 91*k**2 + 3*k - 13. Let v be s(2). Let h be 7 + v/9 - 1/(-3). Calculate the greatest common divisor of h and 141.
47
Suppose 130*h - 145*h + 2460 = 0. Calculate the highest common factor of h and 205.
41
Let r(s) = 81*s**2 - 2*s + 10. Let b be r(2). Let h = 335 - b. Suppose -4*m + 225 + 75 = 0. What is the highest common factor of m and h?
5
Suppose -42*g - 10810 = 4*g. Let u = 555 - g. What is the greatest common divisor of u and 10?
10
Suppose -4*y + 10 = -2*t, -6*t + 3*t + 3*y = 0. Suppose -7*o + t*o + 36 = 0. Suppose -2*h - 3*h = -135. What is the greatest common factor of h and o?
9
Suppose 129*c = -5*j + 131*c + 14216, -5*j + 14213 = -c. Calculate the highest common factor of 196 and j.
98
Suppose r - 1204 = -2*z, 12*r - 8*r = -4*z + 2424. Calculate the greatest common divisor of z and 78.
26
Let l = -1045 + 1065. Let w be (-3)/9 + (-3)/(-9). Suppose w*u + 200 = 5*u. What is the greatest common factor of l and u?
20
Let h(p) = 18*p - 2. Let a be h(2). Suppose 69 - 1 = a*v. What is the greatest common factor of 158 and v?
2
Let z(t) = -2*t**2 + 232*t - 939. Let h be z(100). Calculate the greatest common factor of 266 and h.
133
Let t be (-344 + (-2 - (4 - 9)))/(-1). Suppose 3*w - 62 = -0*w - q, 4*w = 3*q + 100. What is the highest common divisor of t and w?
11
Let b = 263 + -155. Suppose -43*l + b = -41*l. Calculate the greatest common divisor of 18 and l.
18
Let p(r) = 2*r**3 + 22*r**2 - 628*r + 61. Let h be p(13). Suppose 1148 - 4784 = -4*o. What is the highest common factor of o and h?
9
Let x = 38016 + -37980. Let o be ((-180)/2)/((-9)/6). Calculate the highest common divisor of x and o.
12
Suppose 0 = -12*r + 15*r - 12. Suppose 24 - r = 5*i. What is the highest common divisor of i and 20?
4
Let h be 70/20*5546*(-14)/(-49). Calculate the highest common factor of 94 and h.
94
Suppose -60*q = -95*q + 48*q - 65. Suppose 0 = -3*n + 18 + 24. Suppose -3*f + n = g, q*g - 5*f = -13 + 3. Calculate the greatest common divisor of 8 and g.
2
Let h(u) = 0*u + 2*u**2 - 5*u + 1 - u**2 - 23 - 6*u. Let v be h(-5). Calculate the highest common divisor of v and 464.
58
Let h(g) = -g**3 + 135*g**2 - 893*g + 112. Let v be h(128). Calculate the greatest common divisor of 304 and v.
16
Let r be ((-102)/(-85))/((-10)/1250*-2). Calculate the greatest common factor of 2125 and r.
25
Suppose 0 = -358*k + 351*k - 18900. Let o be k/(-110) + 18/(-33). Suppose 0*f - 192 = -f. What is the greatest common factor of f and o?
24
Let x(p) = -2*p - 74. Let g be x(-9). Let n be (-854)/g + 1*(-1)/4. What is the highest common factor of n and 405?
15
Let p be ((-12604)/(-23))/((-54)/(-24) - 1/4). Calculate the highest common factor of p and 5069.
137
Let d = -20588 - -44321. What is the greatest common divisor of d and 81?
81
Let w be ((3 - 38) + -1)*35/20. Let m be (-4 - -3)*((-4 - -4) + w). Calculate the greatest common divisor of 1575 and m.
63
Let j be 2/(-48) + (-284019)/(-1224). Let b be (-29)/(3/(-12)*2). What is the greatest common factor of b and j?
58
Let w(c) = 4*c**3 - 7*c**2 - 25*c + 406. Let q be w(17). What is the greatest common divisor of q and 30?
30
Let t(w) = w**3 - 8*w**2 + 22*w + 42. Let n be t(10). Let q = n - 332. What is the highest common divisor of q and 20?
10
Suppose 12*t - 13*t + 61 = -4*q, 284 = 4*t + 4*q. Calculate the greatest common divisor of 3979 and t.
23
Let d(b) = b**2 + 8*b + 3. Let l be d(-3). Let c be (l/8 - -2)*180. Suppose 3*n = -t + 180, -2*n + 17 = t - 103. What is the highest common divisor of c and n?
30
Suppose -5*d + 414 = -3*v, -v = 2*v + 9. Suppose -9*a + 207 = d. Suppose 2*q + 1 - 15 = 0. What is the greatest common divisor of a and q?
7
Suppose 263*c - 4644 = 261*c. What is the greatest common factor of 27 and c?
27
Suppose -12*d + 564 = 300. Calculate the greatest common factor of d and 6039.
11
Let h(l) = -l**3 + 5*l**2 + 3*l - 3. Let c be h(4). Suppose 3*z = 4*b - 59, 2*b - 3*z - c = -0*b. What is the greatest common factor of b and 34?
17
Let l be 7484/26 - 0 - (706/(-26) + 27). What is the greatest common divisor of l and 4448?
32
Let x(n) = n**3 + 27*n**2 - 6*n - 25. Let h be x(-27). Let a = -103 + h. Calculate the greatest common factor of a and 884.
34
Let s be 36*((-136)/17)/(-8). Calculate the greatest common divisor of s and 4761.
9
Suppose 6*h - 13 = 5. Suppose -8 = -h*m + 88. Let w(k) = -k**3 + 9*k**2 + 3*k - 8. Let x be w(8). What is the greatest common factor of m and x?
16
Let n be (6 + -21)*(12/20)/(-3). Suppose 2*i - 64 = -n*f, -219 + 85 = -4*i - 3*f. What is the greatest common factor of i and 455?
35
Let m be (-